0. Let i be ((-2)/u)/((-2)/(-32)). Let s = 334 + -182. What is the greatest common factor of i and s?
8
Suppose 3*s + 16 + 8 = -3*x, -5*s + 3*x = 64. Let m = s - -32. Let h = -16 + m. Calculate the greatest common factor of h and 10.
5
Let w(t) = -10 + 8 - 2*t - 1. Let z be w(-3). What is the greatest common factor of z and 15?
3
Suppose 42*q - 8960 = 742. Calculate the highest common divisor of 55 and q.
11
Let z = 1475 + -503. What is the greatest common divisor of z and 36?
36
Let s = 3965 - 3706. What is the highest common factor of 413 and s?
7
Suppose -12 = 11*p + 65. Let u(r) = -2*r**2 - 17*r - 12. Let l be u(p). Let q = -47 - -164. What is the highest common factor of q and l?
9
Suppose 4*x + n - 885 = 8002, -n = 2*x - 4441. What is the greatest common divisor of x and 494?
247
Let h = 35345 - 31911. What is the highest common divisor of h and 272?
34
Suppose 9 = -x + 21*o - 23*o, 0 = x + o + 5. Let j be (-1)/1 + 0 - 2/x. What is the highest common divisor of 37 and j?
1
Let o = 7 + -3. Suppose 5*c + 2851 = o*g, -3*g - 3*c = 2*c - 2147. Suppose -b = 6*b - g. Calculate the greatest common divisor of 6 and b.
6
Let f(x) = 60*x**3 - 7*x**2 + 11*x. Let w be f(4). Calculate the greatest common factor of 92 and w.
92
Suppose -10*z + 12*z + 3*u - 3234 = 0, -u - 1602 = -z. Calculate the highest common factor of z and 6.
6
Suppose 0 = -4*m - 3*k + 22 - 17, -3*k - 30 = -3*m. Suppose 5*w - 4 = -n + 2*n, 10 = m*w. What is the greatest common factor of n and 159?
3
Suppose 111 = 4*a - 169. Calculate the highest common factor of 1435 and a.
35
Let p be 2 + (1 - -12)*2. Suppose 112*w - 110*w - p = 0. What is the highest common divisor of w and 14?
14
Let p(j) = j**3 - 14*j**2 + 30*j - 18. Let w(n) = 2*n**2 + 30*n + 12. Let v be w(-15). Let c be p(v). What is the greatest common divisor of 6 and c?
6
Let a = 3700 - 3698. Calculate the greatest common divisor of a and 270.
2
Let s be 86/(17*16/1496). What is the highest common divisor of s and 528?
11
Let i = 368 + 1232. What is the greatest common divisor of 25 and i?
25
Let n(q) = q**3 - q**2 - 598*q + 60. Let s be n(-24). Let k(y) = 16*y - 2. Let x be k(2). Calculate the greatest common factor of x and s.
6
Suppose o = -5*c + 37, -2*o = -4*c - 0*c + 24. Suppose x + 2*m - 125 = 0, -3*m = 8*x - c*x - 120. Calculate the greatest common factor of x and 5.
5
Let l = 637 + -995. Let x = l - -848. Calculate the highest common divisor of x and 147.
49
Suppose f - 3 = -0. Suppose d - p = -11 - 3, -4*d - 3*p = 49. Let q be (d/(-2))/((-4 + 6)/12). What is the highest common factor of q and f?
3
Suppose 2*d - 72 = -4*d. Let c be (-8)/d + (-212)/6. Let t be (c/(-14))/(-3 - 180/(-56)). Calculate the greatest common divisor of t and 24.
12
Suppose -3*x + 482 = -0*r + r, -3*x + 486 = 3*r. Suppose -59*b = -88*b + 145. Calculate the greatest common factor of x and b.
5
Let y(s) = -2*s**3 - 5*s**2 - 12*s - 14. Let q be y(-2). Let j be 4/(-9)*q*(-18)/4. What is the highest common divisor of j and 24?
12
Suppose 137 = 25*f - 263. Suppose 2*z - 2*y = y - 5, -z + 3*y = 10. Let u be z/(15/168)*2. Calculate the greatest common divisor of u and f.
16
Let r be (-28)/84 - 100/(-3). Let x(p) = -p**3 + 32*p**2 + 34*p - 14. Let b be x(r). Calculate the greatest common factor of b and 399.
19
Suppose -4*f + 4*n + 41 = n, -19 = -f - n. Let k = 6 - -8. What is the greatest common divisor of k and f?
14
Let k(u) = 11*u**2 - 116*u - 486. Let j be k(-4). What is the greatest common divisor of 88 and j?
22
Suppose 2 = 14*s - 16*s. Let l be 6*s/4*-18. Let m be 60/(-16)*(-37 - -1). Calculate the greatest common factor of m and l.
27
Suppose 1092*b - 1089*b - 694 = -2*p, 0 = 2*p + 2*b - 688. Calculate the highest common divisor of p and 1664.
26
Let r = 12351 + -11871. Calculate the greatest common factor of r and 440.
40
Let i be (-9)/3 + 278 + 0. Suppose -3*x - m + i = 0, -4*m = -0 - 8. Suppose a + 36 - 49 = 0. What is the greatest common divisor of a and x?
13
Suppose 2 = 2*r + 4, c - r + 41 = 0. Let k be 830/(-332)*(1 - c/(-10)). What is the greatest common factor of 200 and k?
8
Suppose -200 = -90*d + 70*d. Calculate the greatest common divisor of d and 1990.
10
Let f(i) = 26*i**3 - 31*i**2 + i + 14. Let x be f(6). What is the highest common divisor of x and 339?
113
Suppose 509 = 3*d - 13. Let q = d - 94. Let w = -159 + 175. What is the highest common divisor of w and q?
16
Suppose -2379*q + 2341*q = -5092. What is the greatest common factor of q and 16214?
134
Let l(y) = 195*y - 7877. Let x be l(47). What is the greatest common divisor of 552 and x?
184
Suppose -s - 8*s = -99. Suppose 18*r = 2465 + 3871. What is the highest common factor of s and r?
11
Let u be (-2)/4*(-9 + 5). Let n = 8350 - 8323. Calculate the highest common factor of n and u.
1
Suppose 4*i = -0*i + 12. Suppose i*c - 140 - 175 = 0. Suppose -217 = -4*o - 5*o - 28. What is the greatest common factor of o and c?
21
Suppose -10*h = -6*h. Suppose 3*x + 0 - 6 = h. Let o(j) = 23*j + 10. Let s be o(x). What is the highest common divisor of s and 28?
28
Suppose -4*a - 73 - 81 = -3*i, -2 = 2*a. Let h(f) = -f**3 + 12*f**2 - f + 22. Let o be h(12). What is the greatest common divisor of i and o?
10
Let v = 16195 + -14413. Calculate the highest common divisor of 918 and v.
54
Let v = 5776 + -5737. Let p(r) = 14*r - 3. Let o be p(3). Calculate the highest common factor of o and v.
39
Suppose 168*i = 174*i - 20736. What is the highest common factor of i and 27?
27
Let y = 7198 + -6811. Calculate the greatest common divisor of 215 and y.
43
Suppose 268 = 36*b + 16. Let t be 1572/14 - (-4)/(-14). Calculate the highest common divisor of t and b.
7
Let c(s) = -s**3 + 31*s**2 + 143*s - 101. Let w be c(35). Suppose -5*b = -5*g + 35, 0*g = 5*g - b - 23. Calculate the greatest common factor of w and g.
4
Suppose 1307*h = 152*h + 22381 - 8521. Let y be (1*8)/((-3)/(-9)). What is the greatest common divisor of y and h?
12
Suppose -x = 3*o - 35, 4*x + 14 = o + 2*x. Suppose 0 = -4*j - 4*w - 16, 3*w = -4*j + 2 - 21. Let t = 23 + j. What is the highest common divisor of o and t?
4
Suppose 1311 = 6*k + 13*k. Suppose 3*h = 6*z - 5*z - k, -z - 2*h = -69. Calculate the greatest common factor of z and 92.
23
Let z be 4 + -1*(-2 + 1). Suppose -39 - 11 = -z*p. Suppose 5*b = -w + 54, 3*w = -b + w + 18. Calculate the highest common divisor of b and p.
10
Suppose -617 = -3*c - 212. Calculate the highest common divisor of 15 and c.
15
Suppose -9*v - 293 = 2*r - 6*v, -4*r = 5*v + 587. Let j be 1/((10 - 8) + 1094/(-548)). Let k = r + j. Calculate the greatest common divisor of k and 18.
18
Let q(a) = 461*a - 415. Let t be q(32). What is the greatest common divisor of 59 and t?
59
Suppose -2*o = 4*k - 394, -3*o = -0*k - k + 109. Let z(v) = 2*v**3 + 23*v**2 + 7*v + 230. Let g be z(-12). Calculate the highest common factor of k and g.
2
Suppose 9*q - 16*q = 105. Let k be (5/q*-3)/((-4)/(-192)). Suppose -2*a = l - k, 3*l + 4*a = 2*l + 42. Calculate the highest common factor of 2 and l.
2
Let w = 6320 + -6001. Calculate the greatest common factor of 1537 and w.
29
Suppose 7*k - 84 = -31 + 31. What is the highest common factor of 66 and k?
6
Suppose -19 = 2*v - 55. Let h = 45 + -34. Suppose -h = -m + 79. What is the highest common divisor of v and m?
18
Let s(u) = -31*u - 2. Let y be s(-2). Let z(t) = 2*t**2 - 19*t - 15. Let q be z(11). What is the highest common divisor of q and y?
6
Let m = 219 - 215. Suppose -4*i + 2*n + 112 = 0, m*i - 111 = n + 5. Calculate the highest common divisor of i and 12.
6
Let y = 7 - -133. Let p = 22651 + -22609. Calculate the greatest common factor of y and p.
14
Let p = -471 - -1151. Suppose -3*u = r - 222, 0 = 3*r + u - 6*u - p. What is the highest common divisor of 9 and r?
9
Let t = 3 - 1. Suppose -5*h = -3*z - 459, -171 = -t*h + 5*z - 8*z. What is the greatest common factor of h and 36?
18
Let s(i) = 25*i**3 + i**2 + 3*i - 5. Let m be s(1). Calculate the highest common divisor of 2724 and m.
12
Let i be 0 + (316 + 3)/(-1). Let h = i + 337. Let n(c) = 4*c - 6. Let f be n(6). Calculate the greatest common factor of h and f.
18
Suppose -364 = -2*c - 3*f, -182 = -c - 0*c + 2*f. Let j = 20740 + -20712. Calculate the highest common factor of j and c.
14
Suppose q = p + 20, -3